{"version":"1.0","provider_name":"Motivation Romania NGO","provider_url":"https:\/\/motivation.ro\/en","title":"The Mobility Caravan - Motivation Romania NGO","type":"rich","width":600,"height":338,"html":"<blockquote class=\"wp-embedded-content\" data-secret=\"GDOq7kEhNy\"><a href=\"https:\/\/motivation.ro\/en\/programmes\/active-rehabilitation-independent-living\/the-mobility-caravan\/\">The Mobility Caravan<\/a><\/blockquote><iframe sandbox=\"allow-scripts\" security=\"restricted\" src=\"https:\/\/motivation.ro\/en\/programmes\/active-rehabilitation-independent-living\/the-mobility-caravan\/embed\/#?secret=GDOq7kEhNy\" width=\"600\" height=\"338\" title=\"&#8220;The Mobility Caravan&#8221; &#8212; Motivation Romania NGO\" data-secret=\"GDOq7kEhNy\" frameborder=\"0\" marginwidth=\"0\" marginheight=\"0\" scrolling=\"no\" class=\"wp-embedded-content\"><\/iframe><script type=\"text\/javascript\">\n\/* <![CDATA[ *\/\n\/*! This file is auto-generated *\/\n!function(d,l){\"use strict\";l.querySelector&&d.addEventListener&&\"undefined\"!=typeof URL&&(d.wp=d.wp||{},d.wp.receiveEmbedMessage||(d.wp.receiveEmbedMessage=function(e){var t=e.data;if((t||t.secret||t.message||t.value)&&!\/[^a-zA-Z0-9]\/.test(t.secret)){for(var s,r,n,a=l.querySelectorAll('iframe[data-secret=\"'+t.secret+'\"]'),o=l.querySelectorAll('blockquote[data-secret=\"'+t.secret+'\"]'),c=new RegExp(\"^https?:$\",\"i\"),i=0;i<o.length;i++)o[i].style.display=\"none\";for(i=0;i<a.length;i++)s=a[i],e.source===s.contentWindow&&(s.removeAttribute(\"style\"),\"height\"===t.message?(1e3<(r=parseInt(t.value,10))?r=1e3:~~r<200&&(r=200),s.height=r):\"link\"===t.message&&(r=new URL(s.getAttribute(\"src\")),n=new URL(t.value),c.test(n.protocol))&&n.host===r.host&&l.activeElement===s&&(d.top.location.href=t.value))}},d.addEventListener(\"message\",d.wp.receiveEmbedMessage,!1),l.addEventListener(\"DOMContentLoaded\",function(){for(var e,t,s=l.querySelectorAll(\"iframe.wp-embedded-content\"),r=0;r<s.length;r++)(t=(e=s[r]).getAttribute(\"data-secret\"))||(t=Math.random().toString(36).substring(2,12),e.src+=\"#?secret=\"+t,e.setAttribute(\"data-secret\",t)),e.contentWindow.postMessage({message:\"ready\",secret:t},\"*\")},!1)))}(window,document);\n\/\/# sourceURL=https:\/\/motivation.ro\/en\/wp-includes\/js\/wp-embed.min.js\n\/* ]]> *\/\n<\/script>\n","description":"Funda\u021bia Motivation Rom\u00e2nia deruleaz\u0103, \u00een perioada aprilie 2014-aprilie 2015, proiectul Caravana Mobilit\u0103\u021bii, finan\u021bat de Funda\u021bia Vodafone Rom\u00e2nia.\u00a0Proiectul \u00ee\u0219i propune s\u0103 pun\u0103 \u00een aplicare\u00a0un model inovator de servicii mobile pentru persoanele cu dizabilit\u0103\u021bi locomotorii care nu au avut p\u00e2n\u0103 acum \u0219ansa de a tr\u0103i independent. Funda\u021bia Vodafone Rom\u00e2nia sus\u021bine Fundatia Motivation Romania de 13 ani pentru...","thumbnail_url":"http:\/\/www.motivation.ro\/en\/uploads\/images\/Stiri%20si%20evenimente\/Logo%20Fundatie%20VDF%20rosu%20(1).jpg"}

Fundația Motivation România derulează, în perioada aprilie 2014-aprilie 2015, proiectul Caravana Mobilității, finanțat de Fundația Vodafone România. Proiectul își propune să pună în aplicare un model inovator de servicii mobile pentru persoanele cu dizabilități locomotorii care nu au avut până acum șansa de a trăi independent. Fundația Vodafone România susține Fundatia Motivation Romania de 13 ani pentru...
