{"version":"1.0","provider_name":"Motivation Romania NGO","provider_url":"https:\/\/motivation.ro\/en","title":"Media appearances - Motivation Romania NGO","type":"rich","width":600,"height":338,"html":"<blockquote class=\"wp-embedded-content\" data-secret=\"idSwNi1ItB\"><a href=\"https:\/\/motivation.ro\/en\/social-economy\/abilities-matter-economically\/media-appearances\/\">Media appearances<\/a><\/blockquote><iframe sandbox=\"allow-scripts\" security=\"restricted\" src=\"https:\/\/motivation.ro\/en\/social-economy\/abilities-matter-economically\/media-appearances\/embed\/#?secret=idSwNi1ItB\" width=\"600\" height=\"338\" title=\"&#8220;Media appearances&#8221; &#8212; Motivation Romania NGO\" data-secret=\"idSwNi1ItB\" frameborder=\"0\" marginwidth=\"0\" marginheight=\"0\" scrolling=\"no\" class=\"wp-embedded-content\"><\/iframe><script type=\"text\/javascript\">\n\/* <![CDATA[ *\/\n\/*! This file is auto-generated *\/\n!function(d,l){\"use strict\";l.querySelector&&d.addEventListener&&\"undefined\"!=typeof URL&&(d.wp=d.wp||{},d.wp.receiveEmbedMessage||(d.wp.receiveEmbedMessage=function(e){var t=e.data;if((t||t.secret||t.message||t.value)&&!\/[^a-zA-Z0-9]\/.test(t.secret)){for(var s,r,n,a=l.querySelectorAll('iframe[data-secret=\"'+t.secret+'\"]'),o=l.querySelectorAll('blockquote[data-secret=\"'+t.secret+'\"]'),c=new RegExp(\"^https?:$\",\"i\"),i=0;i<o.length;i++)o[i].style.display=\"none\";for(i=0;i<a.length;i++)s=a[i],e.source===s.contentWindow&&(s.removeAttribute(\"style\"),\"height\"===t.message?(1e3<(r=parseInt(t.value,10))?r=1e3:~~r<200&&(r=200),s.height=r):\"link\"===t.message&&(r=new URL(s.getAttribute(\"src\")),n=new URL(t.value),c.test(n.protocol))&&n.host===r.host&&l.activeElement===s&&(d.top.location.href=t.value))}},d.addEventListener(\"message\",d.wp.receiveEmbedMessage,!1),l.addEventListener(\"DOMContentLoaded\",function(){for(var e,t,s=l.querySelectorAll(\"iframe.wp-embedded-content\"),r=0;r<s.length;r++)(t=(e=s[r]).getAttribute(\"data-secret\"))||(t=Math.random().toString(36).substring(2,12),e.src+=\"#?secret=\"+t,e.setAttribute(\"data-secret\",t)),e.contentWindow.postMessage({message:\"ready\",secret:t},\"*\")},!1)))}(window,document);\n\/\/# sourceURL=https:\/\/motivation.ro\/en\/wp-includes\/js\/wp-embed.min.js\n\/* ]]> *\/\n<\/script>\n","description":"Funda\u021bia Motivation Rom\u00e2nia lanseaz\u0103 un proiect european pentru buzoienii cu dizabilit\u0103\u021bi Proiect \u00een premier\u0103 na\u021bional\u0103 Funda\u021bia Motivation Rom\u00e2nia lanseaz\u0103 proiectul european \u201dAbilit\u0103\u021bile conteaz\u0103 \u0219i economic\u201d Prin derularea unui proiect premier\u0103 la nivel na\u021bional, Funda\u021bia \u201dSf\u00e2ntul Sava\u201d se implic\u0103 activ \u00een integrarea persoanelor cu dizabilit\u0103\u021bi pe pia\u021ba muncii \u0219i \u00een societate &nbsp;","thumbnail_url":"http:\/\/www.motivation.ro\/en\/uploads\/achizitii\/header_144402.jpg"}

Fundația Motivation România lansează un proiect european pentru buzoienii cu dizabilități Proiect în premieră națională Fundația Motivation România lansează proiectul european ”Abilitățile contează și economic” Prin derularea unui proiect premieră la nivel național, Fundația ”Sfântul Sava” se implică activ în integrarea persoanelor cu dizabilități pe piața muncii și în societate &nbsp;
